ivisor of 4171 and 9159.
43
Calculate the greatest common divisor of 133 and 3507.
7
What is the greatest common factor of 83115 and 65?
5
What is the highest common factor of 346924 and 860?
172
Calculate the highest common divisor of 5 and 21603.
1
Calculate the highest common factor of 340713 and 864.
27
What is the highest common factor of 3 and 33037?
1
Calculate the greatest common factor of 866041 and 121.
11
Calculate the greatest common divisor of 822 and 6616004.
274
What is the highest common factor of 513324 and 6?
6
Calculate the highest common divisor of 1360 and 712300.
340
Calculate the greatest common divisor of 10878 and 800828.
518
Calculate the highest common divisor of 133 and 5390.
7
What is the greatest common divisor of 17214 and 2394?
114
Calculate the greatest common divisor of 144 and 2321616.
48
Calculate the greatest common factor of 33 and 10593.
33
What is the highest common factor of 666 and 47286?
666
Calculate the greatest common divisor of 287 and 1312.
41
What is the highest common divisor of 1934604 and 648?
324
Calculate the greatest common divisor of 374220 and 1100.
220
What is the highest common divisor of 210 and 3251115?
105
Calculate the highest common factor of 72 and 2487384.
72
Calculate the highest common factor of 195 and 13143.
39
What is the highest common factor of 36 and 114876?
36
Calculate the highest common factor of 20794 and 1.
1
Calculate the greatest common factor of 2112 and 16764.
132
Calculate the greatest common divisor of 297 and 23067.
99
What is the greatest common divisor of 9145 and 7099?
31
What is the highest common factor of 630488 and 7208?
424
What is the greatest common divisor of 712 and 1381636?
356
What is the highest common divisor of 5954 and 7202?
26
What is the greatest common factor of 1162 and 581?
581
Calculate the greatest common factor of 15000 and 480.
120
What is the highest common divisor of 2254 and 33534?
46
What is the greatest common divisor of 19728 and 180?
36
Calculate the greatest common divisor of 3531 and 1464081.
321
What is the highest common divisor of 900 and 116445?
15
What is the greatest common divisor of 10406 and 220?
22
Calculate the greatest common factor of 18 and 2583.
9
What is the greatest common factor of 3420 and 15180?
60
Calculate the greatest common factor of 113094 and 29097.
549
Calculate the highest common divisor of 6226 and 20942.
566
Calculate the highest common factor of 14610 and 40.
10
Calculate the greatest common factor of 937552 and 6160.
1232
Calculate the highest common factor of 1526 and 44898.
14
Calculate the greatest common factor of 242225 and 575.
25
Calculate the greatest common factor of 43782 and 33.
3
What is the greatest common divisor of 34485 and 12221?
121
Calculate the greatest common factor of 950 and 38150.
50
Calculate the greatest common divisor of 1452 and 11268.
12
What is the highest common divisor of 326 and 2462930?
326
Calculate the highest common divisor of 268378 and 22.
22
What is the highest common factor of 4760359 and 2602?
1301
What is the greatest common factor of 258 and 3126?
6
What is the greatest common divisor of 8658 and 108484?
74
Calculate the highest common factor of 270 and 49770.
90
What is the highest common divisor of 12663 and 4725?
189
What is the greatest common factor of 3066 and 756?
42
Calculate the greatest common factor of 42480 and 1800.
360
Calculate the greatest common divisor of 384 and 2082.
6
What is the highest common factor of 67 and 527491?
67
What is the highest common divisor of 12363 and 12?
3
Calculate the highest common divisor of 42 and 2086.
14
What is the greatest common factor of 243 and 39447?
81
What is the greatest common divisor of 10137 and 7521?
327
Calculate the greatest common factor of 117952 and 1919.
19
Calculate the greatest common divisor of 26 and 100646.
26
Calculate the highest common factor of 106084 and 44.
44
Calculate the greatest common divisor of 1770 and 48970.
590
What is the highest common factor of 23 and 142991?
23
What is the highest common divisor of 472144 and 368?
368
Calculate the highest common divisor of 1568127 and 488.
61
What is the greatest common factor of 2 and 986422?
2
Calculate the greatest common divisor of 29 and 116203.
29
What is the highest common factor of 112 and 4046?
14
What is the greatest common divisor of 181453 and 145?
29
Calculate the highest common divisor of 111482 and 14.
14
Calculate the highest common factor of 13888 and 728.
56
Calculate the greatest common factor of 819 and 23283.
117
What is the highest common factor of 189 and 921753?
189
What is the greatest common factor of 249410 and 490?
490
What is the highest common divisor of 3088344 and 372?
372
Calculate the greatest common factor of 96 and 606.
6
Calculate the greatest common divisor of 41724 and 23256.
684
What is the highest common divisor of 11468 and 101809?
61
Calculate the highest common divisor of 47187 and 6615.
441
What is the greatest common factor of 125600 and 23200?
800
What is the greatest common divisor of 933417 and 27?
27
What is the highest common factor of 365 and 13943?
73
Calculate the highest common factor of 336622 and 338.
26
What is the highest common factor of 452 and 218?
2
Calculate the highest common divisor of 642655 and 65.
65
What is the highest common factor of 40 and 88540?
20
Calculate the highest common factor of 1729 and 1691.
19
Calculate the greatest common factor of 126 and 74858.
14
Calculate the highest common factor of 2140 and 1108092.
428
Calculate the highest common divisor of 29140 and 6110.
470
What is the greatest common factor of 13 and 6398366?
13
What is the highest common factor of 5127132 and 408?
204
Calculate the highest common factor of 489 and 1851.
3
Calculate the highest common divisor of 2 and 3665.
1
Calculate the greatest common divisor of 166992 and 56.
56
Calculate the greatest common divisor of 54315 and 56445.
1065
Calculate the greatest common factor of 24 and 143124.
12
What is the greatest common factor of 6 and 19974?
6
What is the greatest common divisor of 4069 and 553071?
313
What is the highest common divisor of 23 and 431?
1
Calculate the highest common divisor of 13769756 and 308.
308
What is the highest common divisor of 48 and 368484?
12
Calculate the highest common factor of 60990 and 465.
15
Calculate the greatest common factor of 408702 and 555.
111
Calculate the highest common factor of 16570 and 50.
10
Calculate the greatest common factor of 236 and 4955528.
236
What is the highest common divisor of 240474 and 390?
78
Calculate the greatest common divisor of 208 and 650.
26
Calculate the highest common divisor of 144 and 174000.
48
What is the highest common factor of 122 and 6751968?
122
Calculate the greatest common factor of 2774 and 38722.
38
What is the highest common divisor of 1479 and 7308?
87
Calculate the highest common factor of 2612 and 108.
4
Calculate the highest common divisor of 80885 and 203.
7
Calculate the greatest common factor of 24 and 206004.
12
Calculate the highest common divisor of 17063 and 1812.
151
Calculate the greatest common divisor of 42 and 78306.
6
Calculate the greatest common factor of 2154 and 360.
6
Calculate the greatest common divisor of 1536 and 16064.
64
Calculate the greatest common divisor of 61791 and 860.
43
Calculate the greatest common divisor of 4287 and 507.
3
What is the greatest common factor of 975 and 160800?
75
Calculate the highest common divisor of 9 and 353997.
9
Calculate the highest common factor of 17 and 853.
1
Calculate the highest common factor of 11858 and 6272.
98
Calculate the greatest common factor of 2065 and 34810.
295
Calculate the highest common factor of 584 and 10147.
73
Calculate the highest common factor of 701922 and 78.
78
Calculate the greatest common factor of 40 and 8390.
10
What is the highest common divisor of 5049140 and 60?
20
Calculate the greatest common factor of 116290 and 116.
58
What is the highest common divisor of 3393108 and 108?
36
What is the greatest common factor of 632 and 332?
4
What is the highest common factor of 109 and 80769?
109
What is the greatest common divisor of 3885 and 451585?
185
What is the greatest common divisor o